se -4*n - n + c = -297, 4*n = z*c + 246. What is the units digit of n?
9
Suppose -3*l = -7*l + 364. Let f(u) = -4*u**3 - 35*u**2 + 9*u - 6. Let n be f(-9). What is the tens digit of n/(-15)*(l + -1)?
3
Suppose -3*g = -5*m - 136, 0 = 2*m - 4*g + 20 + 40. Let y = -24 - m. Suppose 5*z = -3*o + 75, y*o - 1 - 56 = -z. What is the tens digit of o?
3
Let l = -1339 - -2230. What is the hundreds digit of l?
8
Let f be (-4 + 0 + 0)*8/(-32). What is the tens digit of (-65)/(5 - 6) - f*-1?
6
Let b be (19/5)/((-8)/(-40)). Let z = b + -9. What is the units digit of z?
0
Suppose 4*d - 389 = 1307. What is the hundreds digit of d?
4
Suppose 13*s + 25 = 18*s. Suppose -5*u = -5*g - 255, 0 = g - s + 3. What is the units digit of u?
3
Suppose 5*f - 6 + 41 = 0. Let q = f + 0. Let g = q + 33. What is the units digit of g?
6
Let a = 6752 - 3957. What is the tens digit of a?
9
Suppose -4*r + 8 - 20 = 0, 5*i + 5*r - 25 = 0. Let m(w) = 3*w**2 - 9*w + w**2 - 2*w**2. What is the tens digit of m(i)?
5
Let l = 671 - -1535. What is the thousands digit of l?
2
Suppose 10*g - 7*g - 477 = 0. What is the tens digit of g?
5
Let a = 9 + -4. Suppose 11*w - 582 = a*w. What is the tens digit of w?
9
Let m be 1/(9/3)*6. Suppose 3*l + 3 = -4*g, 5*g = -l + 12 - m. Suppose g*o = 23 + 94. What is the tens digit of o?
3
Let a(m) = 14*m + 0 - 2 + 2*m**2 + 8 + 2*m. What is the tens digit of a(-12)?
0
Suppose 333 = 2*x - 1913. What is the hundreds digit of x?
1
Let a(z) = 5*z**2 + 9*z + 15. Let c be a(-6). Suppose -7*p + 58 = 2*w - 3*p, 3*p - c = -4*w. What is the tens digit of w?
3
Let t(h) = -172*h - 197. What is the thousands digit of t(-11)?
1
Suppose 17*t - 16*t - 5 = 0. Suppose 2*o = t*k - 726, 2*k - 3*o - 374 = -88. What is the units digit of k?
6
Let n = -1172 - -3493. What is the hundreds digit of n?
3
Let y(i) = 238*i + 168. What is the tens digit of y(5)?
5
Let z(d) = d**3 + 11*d**2 - 16*d - 18. Suppose p - 5*r = -4*p - 40, 0 = -2*p - 3*r - 36. What is the tens digit of z(p)?
3
Let f = -966 - -1120. What is the tens digit of f?
5
Let a(z) be the second derivative of 5/12*z**4 + 0 - 8*z - 1/20*z**5 + 2*z**2 + z**3. What is the units digit of a(5)?
4
Let q(p) = 15*p**2 + 32*p - 26. What is the thousands digit of q(11)?
2
Suppose -w + 4*p + 83 = -309, 0 = -7*p + 7. What is the tens digit of w?
9
Suppose 5*r = -2*j + 32, -2*r - r = j - 19. Suppose 0 = 2*v + r + 2. What is the units digit of 42/18 - v/6?
3
Let t(y) = 67*y - 105. What is the units digit of t(9)?
8
Let h(g) = g**2 - 8*g + 4. Let u be h(9). Let r(x) = 5*x - 2. What is the units digit of r(u)?
3
Let c(v) = v**2 - 2*v + 14. Let m be (-2)/(-4) - (-2 - 1)/(-6). What is the tens digit of c(m)?
1
Suppose 2*p + 7 + 5 = d, 4*d - 3*p - 48 = 0. Suppose -d = -a + 14. What is the tens digit of a?
2
Let r be (-3)/12 - (252/(-16))/7. Suppose p = -3*v + 32, r*p - 64 = -0*v + 3*v. What is the tens digit of p?
3
Suppose -4*f = -v - 7, 3*f = 6*f + 3*v - 9. Suppose 2*i - 20 = -5*p + p, 0 = 5*i + 5*p - 25. What is the units digit of 7*(i/3 + f)?
4
Let o be 20 - (-2 - 3/3). Suppose -o*r = -25*r + 184. What is the units digit of r?
2
Let v(t) = t**3 + t**2 + t + 1. Let w(l) = -l**3 + l**2 + 4*l + 5. Let h(o) = -2*v(o) - w(o). What is the tens digit of h(-5)?
7
Let a(l) = 2*l - 26. Let z be a(14). Suppose 5*n - 15 = -5*b, 3*b = -2*b - z*n + 18. What is the units digit of -2 + -1 + b + 32?
3
Let h(o) = o**2 - 7*o - 2. Let f be h(7). Let b be (-3 - 0 - f)*-2. Suppose 2*q + 23 = d + 3*q, -b*d + 76 = -4*q. What is the tens digit of d?
2
Let a = 1784 + -620. What is the hundreds digit of a?
1
Suppose 6 = -2*q + 12. Let o(a) = 2*a**3 - 2*a**2 - 4*a + 7. What is the tens digit of o(q)?
3
Let w = 7137 - 1299. What is the units digit of w?
8
Let r(z) = -z**2 + 25*z - 13. What is the units digit of r(20)?
7
Let v(u) be the second derivative of -u**5/20 + 17*u**4/12 - 10*u**3/3 + 11*u**2 - 24*u. What is the tens digit of v(15)?
7
Let k(v) = -22*v - 19. Let z(h) = -11*h - 10. Let q(o) = -4*k(o) + 7*z(o). What is the tens digit of q(5)?
6
Let c(w) = -w - 3*w - 3*w + 69 + 11*w. What is the tens digit of c(0)?
6
Let l be -2 + 0 - (-15)/5. What is the units digit of ((-3)/(-3))/(l/35)?
5
Let t(a) = 37*a**2 + 39*a**2 + 6 - 9*a - 70*a**2. What is the units digit of t(3)?
3
Suppose -44*c + 45*c = 99. Let o = c + -12. What is the tens digit of o?
8
Let o(c) = 648*c + 99. What is the thousands digit of o(3)?
2
Let m(j) = -5*j + 3. Let x be m(9). Let f(u) = u**2 - 9*u + 9. Let g be f(13). Let h = g + x. What is the units digit of h?
9
What is the hundreds digit of (-33)/44 - (-5613)/12?
4
Suppose 0 = -61*j - 30*j + 291291. What is the thousands digit of j?
3
Let w be 4/(-8)*7*10. Let x be ((-14)/w)/(2/20). Suppose x*u = 229 - 65. What is the tens digit of u?
4
Let n = 16 + -14. Let m(i) = -9*i + i - 3 + n*i + 2. What is the units digit of m(-2)?
1
Let c = 16 - 52. Let d = c - -53. What is the tens digit of d?
1
Let t = 7 + -19. Let d = 21 - t. What is the units digit of d?
3
Let z(s) = 23*s**3 + 2*s**2 - 4*s + 1. Let m be z(1). What is the units digit of 10*(m/2 - -5)?
0
Suppose -k + 1232 = -2*b - 0*b, 4*k = -5*b + 4915. What is the units digit of k?
0
Suppose -6 - 5 = r. Let y(t) = -t**2 - 7*t - 2. Let q be y(-6). Let z = q - r. What is the tens digit of z?
1
Suppose 30 = l - 4*u, -3*l - u + 15 = -l. Let d = 13 - l. What is the units digit of d?
3
Let p(z) = 3*z**3 - z + 2. Let t be p(1). Let a be ((-8)/10)/((-4)/50). Suppose 20 = t*o + l, 0*o = -o + l + a. What is the units digit of o?
6
Suppose t = -4*q + 348, -2*q + 5*q - 1723 = -5*t. What is the units digit of t?
4
Let h(a) = -14*a**2 - a + 3. Let t(k) = 69*k**2 + 5*k - 16. Suppose 4*u + 7 = -1. Let r(b) = u*t(b) - 11*h(b). What is the units digit of r(1)?
6
Let m be ((-34)/(-3))/(1/6). Suppose g + 5*q - m = 0, 2*g + 5*q = -g + 184. What is the tens digit of 3*(g/6 - 3)?
2
Let t(n) = -29*n**2 - 3*n - 2. Let v be t(-1). Let j = -20 - v. Let y = 33 + j. What is the tens digit of y?
4
Let h = 1297 - 868. What is the tens digit of h?
2
Let x(a) be the first derivative of a**5/60 + a**4/12 - a**3/3 + 5. Let m(v) be the third derivative of x(v). What is the units digit of m(4)?
0
Suppose -5*h - 30 = -0*z - 5*z, -4*h = 5*z - 30. What is the tens digit of (-438)/(-18) + (-2)/z?
2
Suppose -5*r = 2*r - 49. Suppose -5*i = -100 + 20. Suppose -7*l + i = -3*l - 4*g, r = l - 2*g. What is the units digit of l?
1
Let i = 0 - -165. What is the hundreds digit of i?
1
Suppose 0 = 3*q - q - 8. Suppose q*b - 12 = -0*b. Suppose b = h - 25. What is the units digit of h?
8
Let y = 0 + 2. Suppose y*q = 3*m + 133, -2*m + 258 = 3*q + q. Suppose 0 = -n - 4*b + 32, b - q = -5*n - 0*b. What is the tens digit of n?
1
Let t(j) = j**2 + 7*j + 8. Let d be t(-7). Let v(c) = -d - 2 + 0*c + 4*c. What is the units digit of v(4)?
6
Let t(m) = m - 3. Let d be t(-5). Let p(n) be the third derivative of -5*n**4/24 + 5*n**3/6 - 15*n**2. What is the units digit of p(d)?
5
Suppose 128*z + 416 = 129*z. What is the units digit of z?
6
Let s = -62 - -65. Suppose -2058 = s*a - 9*a. What is the tens digit of a?
4
Let f(p) = p**3 + 17*p**2 - 8. Let x be f(-17). What is the tens digit of 1275/27 + x/36?
4
Let p be (14 + -15)*(1 - 16). Suppose -7*f + 188 + p = 0. What is the tens digit of f?
2
Let w(d) = -d**3 - 8*d**2 - 9*d - 12. Let k be w(-7). Suppose -138 - 88 = k*r. Let z = -68 - r. What is the units digit of z?
5
Suppose 1 = c - 2*x - 7, 3*x = 0. Let t = 318 - 238. What is the units digit of 58/c + 60/t?
8
Let h(p) = 5*p - 25. Let g = -15 + 26. What is the tens digit of h(g)?
3
Let o be 4*(1 + (-4 - -4)). Suppose -o*f = -56 - 4. What is the tens digit of f?
1
Suppose -2*h + 78 = f, -f + 4*f - 3*h - 207 = 0. What is the units digit of f?
2
Let y = 799 + -302. Suppose -2*t + s = 3*s - 206, y = 5*t - s. What is the hundreds digit of t?
1
Let z be ((-7)/(-1) - 3) + -2. Suppose -z*h + 29 = 91. What is the tens digit of 0 - ((-4)/4 + h)?
3
Suppose 2*d + 336 = 1992. Suppose -7*a = -d - 117. What is the tens digit of a?
3
Let s(w) = w**3 - 22*w**2 + 7*w - 7. Let n be s(22). Let c = n + -76. What is the tens digit of c?
7
Suppose 0 = i + 3*g - 404, -3*i + 37*g + 1234 = 35*g. What is the tens digit of i?
1
Suppose -4*z + 193 = -275. Let f be -4*(z/(-6) - -2). Supp